 2*v + 202 = 4*j. What is the remainder when j is divided by 14?
9
Suppose g + 4*u + 7 - 23 = 0, 5*u - 55 = -3*g. Calculate the remainder when g is divided by 6.
2
Let x = 45 - 23. Calculate the remainder when 41 is divided by x.
19
Suppose -35 = u - 6*u. Calculate the remainder when u is divided by 6.
1
Suppose -4*t + 0*t - 8 = 0. Let r be 3 - (t + (-6)/(-2)). Suppose -5*x + 9 = -f, f + f - r*x = 22. Calculate the remainder when 31 is divided by f.
15
Let q(g) = g**2 - 5*g + 6. Let v be q(4). Suppose -4*t + 4 = 2*y, -5*t + y + v = 5*y. Suppose -2*i = t*i - 80. What is the remainder when i is divided by 7?
6
Suppose 3*r - 318 - 51 = 0. What is the remainder when r is divided by 21?
18
Suppose 5*c = -o + 20, 2*o = 7*o - 3*c + 12. Suppose -5*s + 21 = -69. What is the remainder when o + 51 + (-4)/(-2) is divided by s?
17
Let s = 62 + -17. Suppose 7*m - 4*m - s = 0. Calculate the remainder when 29 is divided by m.
14
Suppose m = -h + 11, 3*h - 57 = -m + 4*m. Let c = -20 - -29. What is the remainder when h is divided by c?
6
Calculate the remainder when ((-19)/2)/(11/(-22)) is divided by 10.
9
Let q = 0 - -2. Let z(g) = 3 + 1 - q - g**2 - 7*g. Calculate the remainder when 35 is divided by z(-5).
11
Suppose -3*l + 9 + 6 = 4*m, 25 = 5*l - m. What is the remainder when 7 is divided by l?
2
Suppose 4*j = -5*c + 3*j + 42, 5*c - 44 = -2*j. Let v = 6 - 3. Suppose c*u - v*u = 30. What is the remainder when 16 is divided by u?
4
Let d(a) = 3*a + 9. Let o be d(9). Let m = o + -19. Let k = m - 11. Calculate the remainder when k is divided by 3.
0
What is the remainder when 143 is divided by ((-4)/(-3))/(16/432) - 0?
35
Suppose 18 = 4*y - y. What is the remainder when 58 is divided by y?
4
Let u be 1/(3/9)*1. Suppose 2*h - u*s = 5*h - 207, -3*s = -4*h + 311. Suppose 2*x - h = y, -3*x + y + 111 = 2*y. What is the remainder when x is divided by 13?
11
Let n = -21 - -38. Suppose 0 = 3*b - z - 4*z - 5, -5*z = 5*b - 35. Calculate the remainder when n is divided by b.
2
Let r = 108 - 72. Calculate the remainder when r is divided by (-2)/5 + 679/35.
17
What is the remainder when -2*(5 + 105/(-6)) is divided by 7?
4
Let o(v) = -29*v - 111. Suppose d + 2*q + 0 - 16 = 0, -44 = -4*d + 2*q. Calculate the remainder when o(-5) is divided by d.
10
Suppose 2*o + 11 = 5*c - 2*c, -3*c + 25 = 5*o. Let s = 8 - 0. Calculate the remainder when s is divided by c.
3
Let k(p) = -4*p - 6. Suppose 3*f - 2 = -3*r + 2*r, 8 = 4*r + f. Suppose 0 = -r*c + 60 - 24. Calculate the remainder when c is divided by k(-4).
8
Suppose 2*y - 4*q = -4, y + 21 = 3*y + q. Suppose -5*r = -y*r + 9. Suppose -10 = -n - 4*n. Calculate the remainder when r is divided by n.
1
Let l(w) = -w**2 + 5*w - 2. Let z be l(2). Suppose 0 = -5*h + t - 35, z*t = -t. Let b = 20 + h. Calculate the remainder when 37 is divided by b.
11
Suppose r = 3*r - 5*j + 10, -j = -2. Suppose 9 = v + q - r*q, 5*v + 3*q = 35. Suppose v*i - 15 - 5 = 0. What is the remainder when i is divided by 3?
2
Let i(b) = -b**2 + 4*b + 3. Suppose 1 = -3*m + 10. Calculate the remainder when 9 is divided by i(m).
3
Let o(s) = 4*s**2 - 6*s + 3. What is the remainder when o(4) is divided by 22?
21
Calculate the remainder when (-3)/9 + (-76)/(-24)*2 is divided by 3.
0
Suppose -4*j + 368 = -8. What is the remainder when j is divided by 24?
22
Let x(r) = r**3 + 13*r**2 - r - 3. What is the remainder when x(-13) is divided by 7?
3
Suppose 5*x + 4*m = -7, 0 = -0*x - 4*x - 3*m - 5. Suppose g = 57 - x. Let a = g - 7. Calculate the remainder when a is divided by 17.
15
Calculate the remainder when 42 is divided by 1/1 + (-2 - -16).
12
Let w be (3/(-4))/(1/(-4)). Let l(k) = 16*k**w - 2*k - k**2 + 2*k**2 - 9*k**3. What is the remainder when l(2) is divided by 19?
18
Suppose -12 = -3*i - i. Calculate the remainder when 3 is divided by i.
0
Suppose 4*i + 30 = 2*d, -5*i = -0*d - d + 21. Let h(p) = p**3 - 2*p**2 + 4*p - 2. Calculate the remainder when h(3) is divided by d.
8
Suppose 2*j + 3*j + 5 = 0. Let p(x) = -8*x. Calculate the remainder when 13 is divided by p(j).
5
Let a(u) = u**3 - 2*u**2 + 2*u + 2. Calculate the remainder when a(3) is divided by 7.
3
Suppose 17 = 2*y - 3*p, 3*y - 14 - 2 = -5*p. Let s(z) = z. Calculate the remainder when y is divided by s(4).
3
Let p = 33 - 18. Calculate the remainder when 57 is divided by p.
12
Suppose -4*m = -3*m + 2*b - 16, 0 = -m - 3*b + 13. Calculate the remainder when m is divided by 6.
4
Let u(l) = l**3 + 2*l**2 - l. Let i be u(1). Suppose c + i*c = 27. Calculate the remainder when 33 is divided by c.
6
Suppose -x = 3*x, -2*y + x = -6. Suppose -y*w = 2*l - 44, -4*w + 84 = w - 2*l. What is the remainder when w is divided by 9?
7
Let j = 22 + -14. Calculate the remainder when 13 is divided by j.
5
Let t = -4 - -7. Suppose 4 = 2*y - 0. Suppose 5*b - 26 = t*i, 3*i + 18 = b + y*b. Calculate the remainder when 7 is divided by b.
3
Let c(j) = 5*j**2 - 2*j - 2. Let d be c(2). Suppose -4*q = -2 - d. What is the remainder when q is divided by 2?
0
Let c = 17 + -6. Calculate the remainder when 31 is divided by c.
9
Suppose 2*y - 6 = -y. Suppose 5*d - 2*f + 6 = 4*d, -y*d - 17 = -5*f. Suppose 0 = 6*k - d*k - 40. Calculate the remainder when 59 is divided by k.
19
Let k = -329 + 465. Calculate the remainder when 24/84 - k/(-14) is divided by 6.
4
Suppose -s - 3*n = -18, -2*s - 4*n + 28 + 8 = 0. Let j = 27 - s. Suppose -3*r + z = 21 - 73, -r + 2*z + j = 0. Calculate the remainder when r is divided by 5.
4
Let x(p) = -15*p**3 + 2*p**2 + 3*p + 2. What is the remainder when 62 is divided by x(-1)?
14
Suppose r + 2*t - 25 = -t, 4*t - 21 = -r. What is the remainder when r is divided by 13?
11
Calculate the remainder when 97 is divided by (-6 + 0)*(-7)/3.
13
Let h = -22 + 45. What is the remainder when h is divided by 12?
11
Suppose -4*f - 2*s + 2 = 0, s + 5 + 0 = 0. Suppose f*b + 0*b = 9. Calculate the remainder when 3 is divided by b.
0
Let q = -2 - -3. Let p be (-59)/(-3) - (-1)/3. What is the remainder when (22/8 - q)*p is divided by 12?
11
Let z = -33 - -159. Suppose -2*j = -z - 184. Suppose -2*v - j = -3*t, -3*v = 5*t + v - 273. What is the remainder when t is divided by 18?
17
Let r be 196/(-3) + (-3)/(-9). Let u = 39 + r. Let w = 42 + u. What is the remainder when 61 is divided by w?
13
Suppose -4*f + 2*f - 72 = 0. Let p = -1 - f. Calculate the remainder when p is divided by 18.
17
Let v(c) = -c**3 + c**2 + 38. Let j be v(0). Let o = 13 - 10. Suppose -o*x + x + j = 0. Calculate the remainder when x is divided by 7.
5
Suppose 0*q - 5*q + 15 = 0. Let d be -1 - 19*(-3)/q. Suppose 30 + d = 4*s. Calculate the remainder when 35 is divided by s.
11
Let q = -3 + 9. Suppose -3*n - q = -0. Let u = n - -26. What is the remainder when u is divided by 9?
6
Suppose -3*i - 19 + 4 = 0, 0 = -3*q - 4*i + 4. Calculate the remainder when 19 is divided by (-1)/(-2)*(q + 6).
5
Let j = 19 + -11. Let i = -5 + j. Suppose 4*b - i*b - 31 = 0. Calculate the remainder when b is divided by 16.
15
Suppose -26 = -3*y + 13. What is the remainder when y is divided by 20/5 - (-3 + 0)?
6
Suppose 3*n - 279 = -0*n - u, -4*n + 3*u = -372. Suppose -5*z = -p - p - 130, -2*p - 106 = -4*z. Calculate the remainder when n is divided by z.
21
Let y(t) = 3*t + 4. What is the remainder when y(2) is divided by 7?
3
Let z be -1 - 1/((-2)/(-4)). What is the remainder when 19 is divided by 35/(-21)*2*z?
9
Suppose 4*x - 11 = 5. What is the remainder when 8 is divided by x?
0
Let z = -4 - -13. Let a(o) = -o**3 - 5*o**2 - 4*o - 3. What is the remainder when a(-5) is divided by z?
8
What is the remainder when 3 + ((-412)/(-5) - (-6)/10) is divided by 22?
20
Suppose -3*t = -3*k - 45, -4*t + k + 23 + 28 = 0. What is the remainder when 20 is divided by t?
8
Suppose -3*i + 3 = 0, 5*i = y - 0*i - 6. Let u = 15 - y. Calculate the remainder when 15 is divided by u.
3
Let b be (-4)/5*(-40 + 0). Suppose -b = -2*c - 2*t, -3*c + 17 = t - 27. What is the remainder when (3 + -1 + -3)*(-25 + 0) is divided by c?
11
Suppose 4*j + 2*z + 17 - 199 = 0, -4*z = 20. Calculate the remainder when j is divided by 17.
14
Suppose -67 + 7 = -5*y. Calculate the remainder when 23 is divided by y.
11
Calculate the remainder when 45 is divided by 5*1 - 144/(-12).
11
Let k(n) = -n + 7. Let x be k(5). Suppose -x*f + 3 =